{"id":1192,"date":"2023-03-16T20:10:59","date_gmt":"2023-03-16T23:10:59","guid":{"rendered":"https:\/\/gopunta.uy\/noticias\/?post_type=tribe_events&#038;p=1192"},"modified":"2023-03-16T20:11:01","modified_gmt":"2023-03-16T23:11:01","slug":"despedida-de-carnaval-en-sauce-de-portezuelo","status":"publish","type":"tribe_events","link":"https:\/\/gopunta.uy\/noticias\/evento\/despedida-de-carnaval-en-sauce-de-portezuelo\/","title":{"rendered":"Despedida de Carnaval en Sauce de Portezuelo"},"content":{"rendered":"<div  class=\"tribe-events-schedule tribe-clearfix\" >\n\t<h2 class=\"tribe-events-schedule__datetime\">\n\t\t<span class=\"tribe-events-schedule__date tribe-events-schedule__date--start\">\n\t\t\tmarzo 18, 2023\t\t<\/span>\n\n\t\t\t\t\t<span class=\"tribe-events-schedule__separator tribe-events-schedule__separator--date\">\n\t\t\t\t \/ \t\t\t<\/span>\n\t\t\t<span class=\"tribe-events-schedule__time tribe-events-schedule__time--start\">\n\t\t\t\t18:00\t\t\t<\/span>\n\t\t\n\t\t\t<\/h2>\n<\/div>\n\n\n\n<p>Feria de artesanos * Patio de comidas * Cerveza artesanal * Actuaci\u00f3n de murga y comparsa<\/p>\n\n\n<div  class=\"tribe-block tribe-block__event-price\" >\n\t\t<\/div>\n\n\n\n\n<div  class=\"tribe-block tribe-block__venue tribe-clearfix\" >\n\t\n\t\t\n\t<\/div>\n\n\n\n\n\n<p>Mercadillo de Sauce &#8211; Avda. Artigas y Juan D\u00edaz de Sol\u00eds &#8211; Sauce de Portezuelo<\/p>\n\n\n\n<h2 class=\"wp-block-heading\"><\/h2>\n\n\n\n<figure class=\"wp-block-image size-large\"><img loading=\"lazy\" decoding=\"async\" width=\"825\" height=\"1024\" src=\"https:\/\/gopunta.uy\/noticias\/wp-content\/uploads\/2023\/03\/Despedida-de-Carnaval-en-Sauce-de-Portezuelo-825x1024.jpeg\" alt=\"\" class=\"wp-image-1193\" \/><\/figure>\n","protected":false},"excerpt":{"rendered":"<p>Feria de artesanos * Patio de comidas * Cerveza artesanal * Actuaci\u00f3n de murga y comparsa Mercadillo de Sauce &#8211; Avda. Artigas y Juan D\u00edaz de Sol\u00eds &#8211; Sauce de [&hellip;]<\/p>\n","protected":false},"author":4,"featured_media":0,"template":"","meta":{"_et_pb_use_builder":"","_et_pb_old_content":"","_et_gb_content_width":"","inline_featured_image":false,"_EventAllDay":false,"_EventTimezone":"America\/Montevideo","_EventStartDate":"2023-03-18 18:00:00","_EventEndDate":"2023-03-18 18:00:00","_EventStartDateUTC":"2023-03-18 21:00:00","_EventEndDateUTC":"2023-03-18 21:00:00","_EventShowMap":false,"_EventShowMapLink":false,"_EventURL":"","_EventCost":"","_EventCostDescription":"","_EventCurrencySymbol":"$","_EventCurrencyCode":"USD","_EventCurrencyPosition":"prefix","_EventDateTimeSeparator":" \/ ","_EventTimeRangeSeparator":" - ","_EventOrganizerID":[],"_EventVenueID":[0],"_OrganizerEmail":"","_OrganizerPhone":"","_OrganizerWebsite":"","_VenueAddress":"","_VenueCity":"","_VenueCountry":"","_VenueProvince":"","_VenueState":"","_VenueZip":"","_VenuePhone":"","_VenueURL":"","_VenueStateProvince":"","_VenueLat":"","_VenueLng":"","_VenueShowMap":false,"_VenueShowMapLink":false,"_tribe_events_status":"","_tribe_events_status_reason":"","footnotes":""},"tags":[],"tribe_events_cat":[],"class_list":["post-1192","tribe_events","type-tribe_events","status-publish","hentry"],"yoast_head":"<!-- This site is optimized with the Yoast SEO plugin v25.2 - https:\/\/yoast.com\/wordpress\/plugins\/seo\/ -->\n<title>Despedida de Carnaval en Sauce de Portezuelo<\/title>\n<meta name=\"robots\" content=\"index, follow, max-snippet:-1, max-image-preview:large, max-video-preview:-1\" \/>\n<link rel=\"canonical\" href=\"https:\/\/gopunta.uy\/noticias\/evento\/despedida-de-carnaval-en-sauce-de-portezuelo\/\" \/>\n<meta property=\"og:locale\" content=\"es_ES\" \/>\n<meta property=\"og:type\" content=\"article\" \/>\n<meta property=\"og:title\" content=\"Despedida de Carnaval en Sauce de Portezuelo\" \/>\n<meta property=\"og:description\" content=\"Feria de artesanos * Patio de comidas * Cerveza artesanal * Actuaci\u00f3n de murga y comparsa Mercadillo de Sauce &#8211; Avda. Artigas y Juan D\u00edaz de Sol\u00eds &#8211; Sauce de [&hellip;]\" \/>\n<meta property=\"og:url\" content=\"https:\/\/gopunta.uy\/noticias\/evento\/despedida-de-carnaval-en-sauce-de-portezuelo\/\" \/>\n<meta property=\"og:site_name\" content=\"Noticias - GoPunta - Portal Inmobiliario de Punta del Este - Maldonado\" \/>\n<meta property=\"article:modified_time\" content=\"2023-03-16T23:11:01+00:00\" \/>\n<meta property=\"og:image\" content=\"https:\/\/gopunta.uy\/noticias\/wp-content\/uploads\/2023\/03\/Despedida-de-Carnaval-en-Sauce-de-Portezuelo-825x1024.jpeg\" \/>\n<meta name=\"twitter:card\" content=\"summary_large_image\" \/>\n<script type=\"application\/ld+json\" class=\"yoast-schema-graph\">{\"@context\":\"https:\/\/schema.org\",\"@graph\":[{\"@type\":\"WebPage\",\"@id\":\"https:\/\/gopunta.uy\/noticias\/evento\/despedida-de-carnaval-en-sauce-de-portezuelo\/\",\"url\":\"https:\/\/gopunta.uy\/noticias\/evento\/despedida-de-carnaval-en-sauce-de-portezuelo\/\",\"name\":\"Despedida de Carnaval en Sauce de Portezuelo\",\"isPartOf\":{\"@id\":\"https:\/\/gopunta.uy\/noticias\/#website\"},\"primaryImageOfPage\":{\"@id\":\"https:\/\/gopunta.uy\/noticias\/evento\/despedida-de-carnaval-en-sauce-de-portezuelo\/#primaryimage\"},\"image\":{\"@id\":\"https:\/\/gopunta.uy\/noticias\/evento\/despedida-de-carnaval-en-sauce-de-portezuelo\/#primaryimage\"},\"thumbnailUrl\":\"https:\/\/gopunta.uy\/noticias\/wp-content\/uploads\/2023\/03\/Despedida-de-Carnaval-en-Sauce-de-Portezuelo-825x1024.jpeg\",\"datePublished\":\"2023-03-16T23:10:59+00:00\",\"dateModified\":\"2023-03-16T23:11:01+00:00\",\"breadcrumb\":{\"@id\":\"https:\/\/gopunta.uy\/noticias\/evento\/despedida-de-carnaval-en-sauce-de-portezuelo\/#breadcrumb\"},\"inLanguage\":\"es\",\"potentialAction\":[{\"@type\":\"ReadAction\",\"target\":[\"https:\/\/gopunta.uy\/noticias\/evento\/despedida-de-carnaval-en-sauce-de-portezuelo\/\"]}]},{\"@type\":\"ImageObject\",\"inLanguage\":\"es\",\"@id\":\"https:\/\/gopunta.uy\/noticias\/evento\/despedida-de-carnaval-en-sauce-de-portezuelo\/#primaryimage\",\"url\":\"https:\/\/gopunta.uy\/noticias\/wp-content\/uploads\/2023\/03\/Despedida-de-Carnaval-en-Sauce-de-Portezuelo-825x1024.jpeg\",\"contentUrl\":\"https:\/\/gopunta.uy\/noticias\/wp-content\/uploads\/2023\/03\/Despedida-de-Carnaval-en-Sauce-de-Portezuelo-825x1024.jpeg\"},{\"@type\":\"BreadcrumbList\",\"@id\":\"https:\/\/gopunta.uy\/noticias\/evento\/despedida-de-carnaval-en-sauce-de-portezuelo\/#breadcrumb\",\"itemListElement\":[{\"@type\":\"ListItem\",\"position\":1,\"name\":\"Inicio\",\"item\":\"https:\/\/gopunta.uy\/noticias\/\"},{\"@type\":\"ListItem\",\"position\":2,\"name\":\"Eventos\",\"item\":\"https:\/\/gopunta.uy\/noticias\/eventos\/\"},{\"@type\":\"ListItem\",\"position\":3,\"name\":\"Despedida de Carnaval en Sauce de Portezuelo\"}]},{\"@type\":\"WebSite\",\"@id\":\"https:\/\/gopunta.uy\/noticias\/#website\",\"url\":\"https:\/\/gopunta.uy\/noticias\/\",\"name\":\"Noticias - GoPunta - Portal Inmobiliario de Punta del Este - Maldonado\",\"description\":\"Noticias del Portal Inmobiliario GoPunta\",\"potentialAction\":[{\"@type\":\"SearchAction\",\"target\":{\"@type\":\"EntryPoint\",\"urlTemplate\":\"https:\/\/gopunta.uy\/noticias\/?s={search_term_string}\"},\"query-input\":{\"@type\":\"PropertyValueSpecification\",\"valueRequired\":true,\"valueName\":\"search_term_string\"}}],\"inLanguage\":\"es\"}]}<\/script>\n<!-- \/ Yoast SEO plugin. -->","yoast_head_json":{"title":"Despedida de Carnaval en Sauce de Portezuelo","robots":{"index":"index","follow":"follow","max-snippet":"max-snippet:-1","max-image-preview":"max-image-preview:large","max-video-preview":"max-video-preview:-1"},"canonical":"https:\/\/gopunta.uy\/noticias\/evento\/despedida-de-carnaval-en-sauce-de-portezuelo\/","og_locale":"es_ES","og_type":"article","og_title":"Despedida de Carnaval en Sauce de Portezuelo","og_description":"Feria de artesanos * Patio de comidas * Cerveza artesanal * Actuaci\u00f3n de murga y comparsa Mercadillo de Sauce &#8211; Avda. Artigas y Juan D\u00edaz de Sol\u00eds &#8211; Sauce de [&hellip;]","og_url":"https:\/\/gopunta.uy\/noticias\/evento\/despedida-de-carnaval-en-sauce-de-portezuelo\/","og_site_name":"Noticias - GoPunta - Portal Inmobiliario de Punta del Este - Maldonado","article_modified_time":"2023-03-16T23:11:01+00:00","og_image":[{"url":"https:\/\/gopunta.uy\/noticias\/wp-content\/uploads\/2023\/03\/Despedida-de-Carnaval-en-Sauce-de-Portezuelo-825x1024.jpeg","type":"","width":"","height":""}],"twitter_card":"summary_large_image","schema":{"@context":"https:\/\/schema.org","@graph":[{"@type":"WebPage","@id":"https:\/\/gopunta.uy\/noticias\/evento\/despedida-de-carnaval-en-sauce-de-portezuelo\/","url":"https:\/\/gopunta.uy\/noticias\/evento\/despedida-de-carnaval-en-sauce-de-portezuelo\/","name":"Despedida de Carnaval en Sauce de Portezuelo","isPartOf":{"@id":"https:\/\/gopunta.uy\/noticias\/#website"},"primaryImageOfPage":{"@id":"https:\/\/gopunta.uy\/noticias\/evento\/despedida-de-carnaval-en-sauce-de-portezuelo\/#primaryimage"},"image":{"@id":"https:\/\/gopunta.uy\/noticias\/evento\/despedida-de-carnaval-en-sauce-de-portezuelo\/#primaryimage"},"thumbnailUrl":"https:\/\/gopunta.uy\/noticias\/wp-content\/uploads\/2023\/03\/Despedida-de-Carnaval-en-Sauce-de-Portezuelo-825x1024.jpeg","datePublished":"2023-03-16T23:10:59+00:00","dateModified":"2023-03-16T23:11:01+00:00","breadcrumb":{"@id":"https:\/\/gopunta.uy\/noticias\/evento\/despedida-de-carnaval-en-sauce-de-portezuelo\/#breadcrumb"},"inLanguage":"es","potentialAction":[{"@type":"ReadAction","target":["https:\/\/gopunta.uy\/noticias\/evento\/despedida-de-carnaval-en-sauce-de-portezuelo\/"]}]},{"@type":"ImageObject","inLanguage":"es","@id":"https:\/\/gopunta.uy\/noticias\/evento\/despedida-de-carnaval-en-sauce-de-portezuelo\/#primaryimage","url":"https:\/\/gopunta.uy\/noticias\/wp-content\/uploads\/2023\/03\/Despedida-de-Carnaval-en-Sauce-de-Portezuelo-825x1024.jpeg","contentUrl":"https:\/\/gopunta.uy\/noticias\/wp-content\/uploads\/2023\/03\/Despedida-de-Carnaval-en-Sauce-de-Portezuelo-825x1024.jpeg"},{"@type":"BreadcrumbList","@id":"https:\/\/gopunta.uy\/noticias\/evento\/despedida-de-carnaval-en-sauce-de-portezuelo\/#breadcrumb","itemListElement":[{"@type":"ListItem","position":1,"name":"Inicio","item":"https:\/\/gopunta.uy\/noticias\/"},{"@type":"ListItem","position":2,"name":"Eventos","item":"https:\/\/gopunta.uy\/noticias\/eventos\/"},{"@type":"ListItem","position":3,"name":"Despedida de Carnaval en Sauce de Portezuelo"}]},{"@type":"WebSite","@id":"https:\/\/gopunta.uy\/noticias\/#website","url":"https:\/\/gopunta.uy\/noticias\/","name":"Noticias - GoPunta - Portal Inmobiliario de Punta del Este - Maldonado","description":"Noticias del Portal Inmobiliario GoPunta","potentialAction":[{"@type":"SearchAction","target":{"@type":"EntryPoint","urlTemplate":"https:\/\/gopunta.uy\/noticias\/?s={search_term_string}"},"query-input":{"@type":"PropertyValueSpecification","valueRequired":true,"valueName":"search_term_string"}}],"inLanguage":"es"}]}},"_links":{"self":[{"href":"https:\/\/gopunta.uy\/noticias\/wp-json\/wp\/v2\/tribe_events\/1192","targetHints":{"allow":["GET"]}}],"collection":[{"href":"https:\/\/gopunta.uy\/noticias\/wp-json\/wp\/v2\/tribe_events"}],"about":[{"href":"https:\/\/gopunta.uy\/noticias\/wp-json\/wp\/v2\/types\/tribe_events"}],"author":[{"embeddable":true,"href":"https:\/\/gopunta.uy\/noticias\/wp-json\/wp\/v2\/users\/4"}],"version-history":[{"count":1,"href":"https:\/\/gopunta.uy\/noticias\/wp-json\/wp\/v2\/tribe_events\/1192\/revisions"}],"predecessor-version":[{"id":1194,"href":"https:\/\/gopunta.uy\/noticias\/wp-json\/wp\/v2\/tribe_events\/1192\/revisions\/1194"}],"wp:attachment":[{"href":"https:\/\/gopunta.uy\/noticias\/wp-json\/wp\/v2\/media?parent=1192"}],"wp:term":[{"taxonomy":"post_tag","embeddable":true,"href":"https:\/\/gopunta.uy\/noticias\/wp-json\/wp\/v2\/tags?post=1192"},{"taxonomy":"tribe_events_cat","embeddable":true,"href":"https:\/\/gopunta.uy\/noticias\/wp-json\/wp\/v2\/tribe_events_cat?post=1192"}],"curies":[{"name":"wp","href":"https:\/\/api.w.org\/{rel}","templated":true}]}}

<div  class="tribe-events-schedule tribe-clearfix" >
	<h2 class="tribe-events-schedule__datetime">
		<span class="tribe-events-schedule__date tribe-events-schedule__date--start">
			marzo 18, 2023		</span>

					<span class="tribe-events-schedule__separator tribe-events-schedule__separator--date">
				 / 			</span>
			<span class="tribe-events-schedule__time tribe-events-schedule__time--start">
				18:00			</span>
		
			</h2>
</div>



<p>Feria de artesanos * Patio de comidas * Cerveza artesanal * Actuación de murga y comparsa</p>


<div  class="tribe-block tribe-block__event-price" >
		</div>




<div  class="tribe-block tribe-block__venue tribe-clearfix" >
	
		
	</div>





<p>Mercadillo de Sauce &#8211; Avda. Artigas y Juan Díaz de Solís &#8211; Sauce de Portezuelo</p>



<h2 class="wp-block-heading"></h2>



<figure class="wp-block-image size-large"><img loading="lazy" decoding="async" width="825" height="1024" src="https://gopunta.uy/noticias/wp-content/uploads/2023/03/Despedida-de-Carnaval-en-Sauce-de-Portezuelo-825x1024.jpeg" alt="" class="wp-image-1193" /></figure>

<p>Feria de artesanos * Patio de comidas * Cerveza artesanal * Actuación de murga y comparsa Mercadillo de Sauce &#8211; Avda. Artigas y Juan Díaz de Solís &#8211; Sauce de [&hellip;]</p>

<!-- This site is optimized with the Yoast SEO plugin v25.2 - https://yoast.com/wordpress/plugins/seo/ -->
<title>Despedida de Carnaval en Sauce de Portezuelo</title>
<meta name="robots" content="index, follow, max-snippet:-1, max-image-preview:large, max-video-preview:-1" />
<link rel="canonical" href="https://gopunta.uy/noticias/evento/despedida-de-carnaval-en-sauce-de-portezuelo/" />
<meta property="og:locale" content="es_ES" />
<meta property="og:type" content="article" />
<meta property="og:title" content="Despedida de Carnaval en Sauce de Portezuelo" />
<meta property="og:description" content="Feria de artesanos * Patio de comidas * Cerveza artesanal * Actuación de murga y comparsa Mercadillo de Sauce &#8211; Avda. Artigas y Juan Díaz de Solís &#8211; Sauce de [&hellip;]" />
<meta property="og:url" content="https://gopunta.uy/noticias/evento/despedida-de-carnaval-en-sauce-de-portezuelo/" />
<meta property="og:site_name" content="Noticias - GoPunta - Portal Inmobiliario de Punta del Este - Maldonado" />
<meta property="article:modified_time" content="2023-03-16T23:11:01+00:00" />
<meta property="og:image" content="https://gopunta.uy/noticias/wp-content/uploads/2023/03/Despedida-de-Carnaval-en-Sauce-de-Portezuelo-825x1024.jpeg" />
<meta name="twitter:card" content="summary_large_image" />
<script type="application/ld+json" class="yoast-schema-graph">{"@context":"https://schema.org","@graph":[{"@type":"WebPage","@id":"https://gopunta.uy/noticias/evento/despedida-de-carnaval-en-sauce-de-portezuelo/","url":"https://gopunta.uy/noticias/evento/despedida-de-carnaval-en-sauce-de-portezuelo/","name":"Despedida de Carnaval en Sauce de Portezuelo","isPartOf":{"@id":"https://gopunta.uy/noticias/#website"},"primaryImageOfPage":{"@id":"https://gopunta.uy/noticias/evento/despedida-de-carnaval-en-sauce-de-portezuelo/#primaryimage"},"image":{"@id":"https://gopunta.uy/noticias/evento/despedida-de-carnaval-en-sauce-de-portezuelo/#primaryimage"},"thumbnailUrl":"https://gopunta.uy/noticias/wp-content/uploads/2023/03/Despedida-de-Carnaval-en-Sauce-de-Portezuelo-825x1024.jpeg","datePublished":"2023-03-16T23:10:59+00:00","dateModified":"2023-03-16T23:11:01+00:00","breadcrumb":{"@id":"https://gopunta.uy/noticias/evento/despedida-de-carnaval-en-sauce-de-portezuelo/#breadcrumb"},"inLanguage":"es","potentialAction":[{"@type":"ReadAction","target":["https://gopunta.uy/noticias/evento/despedida-de-carnaval-en-sauce-de-portezuelo/"]}]},{"@type":"ImageObject","inLanguage":"es","@id":"https://gopunta.uy/noticias/evento/despedida-de-carnaval-en-sauce-de-portezuelo/#primaryimage","url":"https://gopunta.uy/noticias/wp-content/uploads/2023/03/Despedida-de-Carnaval-en-Sauce-de-Portezuelo-825x1024.jpeg","contentUrl":"https://gopunta.uy/noticias/wp-content/uploads/2023/03/Despedida-de-Carnaval-en-Sauce-de-Portezuelo-825x1024.jpeg"},{"@type":"BreadcrumbList","@id":"https://gopunta.uy/noticias/evento/despedida-de-carnaval-en-sauce-de-portezuelo/#breadcrumb","itemListElement":[{"@type":"ListItem","position":1,"name":"Inicio","item":"https://gopunta.uy/noticias/"},{"@type":"ListItem","position":2,"name":"Eventos","item":"https://gopunta.uy/noticias/eventos/"},{"@type":"ListItem","position":3,"name":"Despedida de Carnaval en Sauce de Portezuelo"}]},{"@type":"WebSite","@id":"https://gopunta.uy/noticias/#website","url":"https://gopunta.uy/noticias/","name":"Noticias - GoPunta - Portal Inmobiliario de Punta del Este - Maldonado","description":"Noticias del Portal Inmobiliario GoPunta","potentialAction":[{"@type":"SearchAction","target":{"@type":"EntryPoint","urlTemplate":"https://gopunta.uy/noticias/?s={search_term_string}"},"query-input":{"@type":"PropertyValueSpecification","valueRequired":true,"valueName":"search_term_string"}}],"inLanguage":"es"}]}</script>
<!-- / Yoast SEO plugin. -->

Feria de artesanos * Patio de comidas * Cerveza artesanal * Actuación de murga y comparsa Mercadillo de Sauce &#8211; Avda. Artigas y Juan Díaz de Solís &#8211; Sauce de [&hellip;]
